- 324 = -40. Suppose -3146 = -9*m - v. What are the prime factors of m?
2, 3, 53
Suppose 0*g = g + 6. Let j be (-1)/(9/g)*-24. Let t(b) = b**3 + 19*b**2 + 34*b - 20. List the prime factors of t(j).
2, 3, 17
Let t(f) = f**3 - 10*f**2 + 19*f + 33. Let u be t(16). Let b = 3150 - u. List the prime factors of b.
1277
Let r be (-168)/5*(-490)/21. Suppose -4*n + 3*m = -3*n - 206, 4*n - r = 2*m. What are the prime factors of n?
2, 97
Suppose 4*b = f + 6, 4*f + 3*b = -5 + 57. Let n(t) = t - 2 + 2 + 1 - f*t + t**3 - 15*t**2. List the prime factors of n(16).
113
Suppose -19*j + 24*j = 165. Let g = j - 20. Suppose g*y = y + 60. What are the prime factors of y?
5
Let t = 21755 - 8752. List the prime factors of t.
13003
Let i be (6/4)/((-4)/8) + 9. Suppose -i*x - 613 = -g - x, 0 = -4*g - 3*x + 2521. List the prime factors of g.
2, 157
Let j(d) be the first derivative of d**2 - 17*d - 18. Let w be j(0). Let q = w + 76. What are the prime factors of q?
59
Suppose 0 = 3*s - 4*s - 3, 0 = 4*k - s + 85. Let y = -26 - k. What are the prime factors of (14/1 - 0)*(-26)/y?
7, 13
Let a(m) = 25*m**3 + 7*m**2 - 20*m - 3. Let g be a(5). Let x = g + -2013. List the prime factors of x.
2, 37
Suppose -64*p - 20584 + 72327 = -63969. What are the prime factors of p?
2, 113
Suppose -280*g + 139*g = -164*g + 290904. What are the prime factors of g?
2, 3, 17, 31
Suppose 2*q - 2950 = 4*z, -4*z - 1473 = -2*z + q. Let g = z - -1146. What are the prime factors of g?
409
Suppose 5*s - 29 = -4. Suppose -31 = 5*z - c + 5, -s*z = -3*c + 28. What are the prime factors of (-172)/(-16) + 6/z?
2, 5
Suppose 5*t = -4*q + 14237, 0 = -q + 4*t + 3396 + 137. List the prime factors of q.
11, 17, 19
Suppose h + 3*h = 12. Let f(m) = 9 + 21*m + 4 + 3 - 35 + h*m**2. What are the prime factors of f(-10)?
71
Suppose -l - 12 - 3 = -5*h, -2*h - 21 = 5*l. Suppose 5*m = 20, 225 = t + h*m - 3*m. List the prime factors of t.
229
Let z = 49 + -51. What are the prime factors of 6/48*12 + (-1237)/z?
2, 5, 31
Suppose -2*n + 10 = n + h, 2*h = 8. Let l(p) be the first derivative of 3*p**4/4 + 2*p**3/3 - p**2/2 - 1. List the prime factors of l(n).
2, 3, 5
Let s be (-1 + 0)*(-160)/5 - 1. Let l = s + -28. Suppose -l*a - 5*j = -763, -2*a + 28 = -3*j - 468. List the prime factors of a.
251
Let t(q) = 47*q**2 + 14*q + 24. Let m be t(-5). List the prime factors of m - ((8 - 5) + -4).
2, 5, 113
Let f = 110 - 100. List the prime factors of (2 - (-7)/((-14)/f)) + 497.
2, 13, 19
Let q be 2841/(-15) - 4/(-10). Let u = q - -197. List the prime factors of u.
2
Let n(s) = 6*s + 44. Let j be n(-7). Suppose 15 = 3*a, h - 3*a - 834 = -j*h. What are the prime factors of h?
283
Let c = 175 + 173. Suppose 2*r - 40 = -c. Let d = 268 + r. What are the prime factors of d?
2, 3, 19
Let i be (-19)/(-5) - (-4)/20. Let m be 1*932 + (i - 2) - 0. Suppose 9*f - 290 = m. What are the prime factors of f?
2, 17
Let c(a) = -a**3 + 38*a**2 - 33*a + 120. What are the prime factors of c(27)?
2, 3, 151
Let o = 629 + -27. Let c = o - -655. What are the prime factors of c?
3, 419
Let n = -1311 + 1473. What are the prime factors of n?
2, 3
Let l = -2399 - -1468. What are the prime factors of 12/6*l/(-14)?
7, 19
Suppose -d = f - 155, f - 641 = -3*f + 3*d. Let c = 250 - f. Suppose 5*s = -5*i + 130, -4*i + 3*s = s - c. List the prime factors of i.
2, 3
List the prime factors of ((-9)/(-12))/1 - 8961852/(-496).
3, 19, 317
Let g(w) = -11*w - 7. Suppose 0*f - 12 = -2*f. Suppose 3*j + 3 = -f. What are the prime factors of g(j)?
2, 13
List the prime factors of (-8583)/6*(5 + -6 - 1).
2861
Let d be 287/6 + 7/42. Let g = -48 + d. Suppose 25*c - 24*c - 16 = g. List the prime factors of c.
2
Let j(r) = -11*r**3 + 5*r**2 + 8*r + 24. Let z be j(-8). Suppose z = 7*l + 949. List the prime factors of l.
709
Let h = 244 - 237. Let d be (2/(-5))/((-1)/(-35)). List the prime factors of ((-2)/h)/(2/d).
2
Let j = 9 + -32. Let x = j + 4. Let q = x + 49. What are the prime factors of q?
2, 3, 5
Let b(s) = -s - 7. Let q(w) = 3*w + 8. Let l(t) = -5*b(t) - 4*q(t). Let c be l(0). Suppose -3*g - 6 = -0, c*g = k - 167. What are the prime factors of k?
7, 23
Let p = -20 - -21. Let y(w) = 296*w**2 - 5*w + 1. Let k be y(p). Let f = k - 206. What are the prime factors of f?
2, 43
Let s = -2 - -8. Let z be s*(4 - 7 - -4). Suppose -3*k = z - 24. List the prime factors of k.
2, 3
Suppose 0 = 5*j - 12489 - 15011. Suppose -10*c - j + 15400 = 0. List the prime factors of c.
2, 3, 5, 11
Suppose 4*w - 31896 = 2*o, -3*w = -5*w + 2*o + 15952. List the prime factors of w.
2, 1993
List the prime factors of (-30 - -20)/(-90) + (-11320)/(-18).
17, 37
Let g(q) = -q**2 - 14*q + 22. Let k be 5 - 7 - (-1 - -12). Let t be g(k). Suppose -19*b = -26*b + t. List the prime factors of b.
5
Suppose 2*a + g = 2639 - 7, -1334 = -a - 5*g. Let d be 16/(-28) + a/21. Suppose 64*r - 434 = d*r. List the prime factors of r.
7, 31
Let f(l) = -l**2 + 18*l - 23. Let t be f(14). Suppose 31*n = t*n + 14. Let s(u) = -8*u - 13. What are the prime factors of s(n)?
43
Suppose -108*m + 703869 = -39*m. What are the prime factors of m?
101
Suppose j = 4*u - 215944, -4*u - 661*j + 658*j + 215912 = 0. List the prime factors of u.
2, 7, 241
Let t be ((-60)/(-9))/(14/672). Suppose -3*c + t = 5*d - 366, -c = 2*d - 275. List the prime factors of d.
139
Suppose -137*n = -12*n - 209000. List the prime factors of n.
2, 11, 19
Let x(d) be the third derivative of 0*d + 9 + 0*d**3 - 4*d**2 + 11/8*d**4. What are the prime factors of x(8)?
2, 3, 11
Suppose 0 = -z + 3 - 8, -x = -2*z - 10. List the prime factors of ((-75 - -12) + (5 - x))*-1.
2, 29
Let b(s) = -3*s - 15. Let i be b(-1). Suppose -2*v + 12 = 2*m, 5 + 4 = 4*m - v. List the prime factors of (-4)/i - (-209)/m.
2, 5, 7
Suppose -4*n = d - 143887, 15*d - 13*d = -3*n + 107914. List the prime factors of n.
2, 17, 23
Let i(q) = -q**2 + 11*q + 7. Let w be i(11). Suppose -j + w*j = 2*j. List the prime factors of (-3 - -46) + j + 0.
43
Let a = 70 + -73. Let x be (5 + a)/(-4) + (-25)/(-10). Suppose -224 = -3*o - 4*h, -x*o + 5*h = -0*o - 157. What are the prime factors of o?
2, 19
Let x = -373 - -492. Let z be (-108)/(-20) + 2/(-5). Suppose -h = -3*o + z - 132, -h - 5*o + x = 0. What are the prime factors of h?
2, 31
Let m(d) = 510*d - 658. What are the prime factors of m(18)?
2, 4261
List the prime factors of (15/6 - 2)/((-306)/(-5533704)).
2, 3, 11, 137
Let r(w) = w**2 - 12*w + 33. Let d(u) = u. Let l(z) = 2*d(z) + r(z). What are the prime factors of l(3)?
2, 3
Let q = 36 + -27. List the prime factors of (0 + 2)*-30*(-60)/q.
2, 5
Let j be (0/(-5) - -1) + 113. Suppose -u + 1 = -j. Suppose 118*g - u*g = 345. What are the prime factors of g?
5, 23
Suppose 39*u - 52160 = 31*u. Suppose -571*a + u = -566*a. List the prime factors of a.
2, 163
List the prime factors of 1704*14/(392/315).
2, 3, 5, 71
Suppose 0 = -3*u - 12, 7*y - 5*u + 6852 = 11*y. List the prime factors of y.
2, 859
Let p(s) = 9*s**2 - 71*s + 2717. List the prime factors of p(43).
3, 5, 1087
Let w(n) = -n**2 + 3*n + 10. Let c be w(0). Suppose c = -m + 14. Suppose -195 = -5*z - 5*g, -z + m*z - 5*g = 109. What are the prime factors of z?
2, 19
Let s be (-49764)/(-108) + 2/9. Suppose 1861 = 5*u + s. List the prime factors of u.
2, 5, 7
Suppose -8*d = -10*d + 366. Let g(t) = -t**3 + 13*t**2 + 3*t - 33. Let p be g(13). What are the prime factors of (-3)/p - d/(-2)?
7, 13
Let l = -63 + 16. Let v = -51 - l. What are the prime factors of -1 - (1856/4)/v?
5, 23
Suppose 0 = -26*r + 30*r - 16, -3*b = -2*r - 10969. What are the prime factors of b?
3659
Let j(r) be the third derivative of 4*r**5/15 + r**4 + 8*r**3/3 - 123*r**2 + 2*r. What are the prime factors of j(8)?
2, 7, 11
Let m = -4043 + 14130. List the prime factors of m.
7, 11, 131
Let z(n) = 2*n**3 - 55*n**2 - 10*n + 68. Suppose 275*p - 280*p + 140 = 0. What are the prime factors of z(p)?
2, 11, 13
Suppose 4*o = -2*n + 1246, 2*n + 1550 = 5*o - 3*n. What are the prime factors of o?
311
Let y(a) = 6*a - 37. Let b be y(7). Suppose -b*o + 931 = 2*o. What are the prime factors of o?
7, 19
Let u be ((1 - 2) + 2)/(8/(-392)). Let v = u - -14. List the prime factors of 369/7 - 10/v.
53
List the prime factors of ((-6738)/(-1) - -2) + 376 + -383.
6733
Let w(d) = -4 - d**3 - 16*d**2 - 4*d + 6 - 3 - 3